{"id":2476,"date":"2026-05-06T17:31:14","date_gmt":"2026-05-06T17:31:14","guid":{"rendered":"https:\/\/www.seitinger.cc\/?page_id=2476"},"modified":"2026-05-06T21:44:26","modified_gmt":"2026-05-06T21:44:26","slug":"paul-laesser","status":"publish","type":"page","link":"https:\/\/www.seitinger.cc\/?page_id=2476","title":{"rendered":"Paul L\u00e4sser"},"content":{"rendered":"\n<p><\/p>\n\n\n\n<p>Seine Werke sind ein Pl\u00e4doyer f\u00fcr mehr Demut und ein Bewusstsein f\u00fcr die Zerbrechlichkeit unseres Planeten und unserer Lebenswelt.<\/p>\n\n\n\n<p><\/p>\n\n\n\n<figure class=\"wp-block-image size-large\"><a href=\"https:\/\/www.seitinger.cc\/wp-content\/uploads\/2026\/05\/8-frontyard-2023.jpg\"><img loading=\"lazy\" decoding=\"async\" width=\"683\" height=\"1024\" src=\"https:\/\/www.seitinger.cc\/wp-content\/uploads\/2026\/05\/8-frontyard-2023-683x1024.jpg\" alt=\"\" class=\"wp-image-2482\" srcset=\"https:\/\/www.seitinger.cc\/wp-content\/uploads\/2026\/05\/8-frontyard-2023-683x1024.jpg 683w, https:\/\/www.seitinger.cc\/wp-content\/uploads\/2026\/05\/8-frontyard-2023-200x300.jpg 200w, https:\/\/www.seitinger.cc\/wp-content\/uploads\/2026\/05\/8-frontyard-2023-768x1152.jpg 768w, https:\/\/www.seitinger.cc\/wp-content\/uploads\/2026\/05\/8-frontyard-2023-400x600.jpg 400w, https:\/\/www.seitinger.cc\/wp-content\/uploads\/2026\/05\/8-frontyard-2023.jpg 800w\" sizes=\"(max-width: 683px) 100vw, 683px\" \/><\/a><\/figure>\n\n\n\n<p>Seine Werke symbolisieren Leben, aber auch Zerst\u00f6rung .<\/p>\n\n\n\n<p><\/p>\n\n\n\n<figure class=\"wp-block-image size-large\"><a href=\"https:\/\/www.seitinger.cc\/wp-content\/uploads\/2026\/05\/figurengruppe_1.jpg\"><img loading=\"lazy\" decoding=\"async\" width=\"1024\" height=\"683\" src=\"https:\/\/www.seitinger.cc\/wp-content\/uploads\/2026\/05\/figurengruppe_1-1024x683.jpg\" alt=\"\" class=\"wp-image-2497\" srcset=\"https:\/\/www.seitinger.cc\/wp-content\/uploads\/2026\/05\/figurengruppe_1-1024x683.jpg 1024w, https:\/\/www.seitinger.cc\/wp-content\/uploads\/2026\/05\/figurengruppe_1-300x200.jpg 300w, https:\/\/www.seitinger.cc\/wp-content\/uploads\/2026\/05\/figurengruppe_1-768x512.jpg 768w, https:\/\/www.seitinger.cc\/wp-content\/uploads\/2026\/05\/figurengruppe_1-600x400.jpg 600w, https:\/\/www.seitinger.cc\/wp-content\/uploads\/2026\/05\/figurengruppe_1.jpg 1500w\" sizes=\"(max-width: 1024px) 100vw, 1024px\" \/><\/a><\/figure>\n\n\n\n<p>Die sehr facettenreichen Werkserien des K\u00fcnstlers zeigen seine Leidenschaft zum Experiment mit Perspektive, Raum und Symbol.<\/p>\n\n\n\n<p><\/p>\n\n\n\n<figure class=\"wp-block-image size-full\"><a href=\"https:\/\/www.seitinger.cc\/wp-content\/uploads\/2026\/05\/Figuren_20.jpg\"><img loading=\"lazy\" decoding=\"async\" width=\"900\" height=\"600\" src=\"https:\/\/www.seitinger.cc\/wp-content\/uploads\/2026\/05\/Figuren_20.jpg\" alt=\"\" class=\"wp-image-2501\" srcset=\"https:\/\/www.seitinger.cc\/wp-content\/uploads\/2026\/05\/Figuren_20.jpg 900w, https:\/\/www.seitinger.cc\/wp-content\/uploads\/2026\/05\/Figuren_20-300x200.jpg 300w, https:\/\/www.seitinger.cc\/wp-content\/uploads\/2026\/05\/Figuren_20-768x512.jpg 768w, https:\/\/www.seitinger.cc\/wp-content\/uploads\/2026\/05\/Figuren_20-600x400.jpg 600w\" sizes=\"(max-width: 900px) 100vw, 900px\" \/><\/a><\/figure>\n\n\n\n<p>In seiner Auseinandersetzung mit der menschlichen Hybris kn\u00fcpft er an bekannte Protestgesten an. Der Mittelfinger, wie auch AI WEIWEI dieses Symbol in seinen Arbeiten verwendet, wird von ihm k\u00fcnstlerisch subtil aufgegriffen, um die Dringlicheit eines Protestes zu verst\u00e4rken um auf die Wichtigkeit der Rebellion und des Widerstands in der Kunstgeschichte und Popkultur hinzuweisen.<\/p>\n\n\n\n<p><\/p>\n\n\n\n<figure class=\"wp-block-image size-large\"><a href=\"https:\/\/www.seitinger.cc\/wp-content\/uploads\/2026\/05\/Paul-Laesser_Arm.png\"><img loading=\"lazy\" decoding=\"async\" width=\"1024\" height=\"640\" src=\"https:\/\/www.seitinger.cc\/wp-content\/uploads\/2026\/05\/Paul-Laesser_Arm-1024x640.png\" alt=\"\" class=\"wp-image-2507\" srcset=\"https:\/\/www.seitinger.cc\/wp-content\/uploads\/2026\/05\/Paul-Laesser_Arm-1024x640.png 1024w, https:\/\/www.seitinger.cc\/wp-content\/uploads\/2026\/05\/Paul-Laesser_Arm-300x188.png 300w, https:\/\/www.seitinger.cc\/wp-content\/uploads\/2026\/05\/Paul-Laesser_Arm-768x480.png 768w, https:\/\/www.seitinger.cc\/wp-content\/uploads\/2026\/05\/Paul-Laesser_Arm-600x375.png 600w, https:\/\/www.seitinger.cc\/wp-content\/uploads\/2026\/05\/Paul-Laesser_Arm.png 1280w\" sizes=\"(max-width: 1024px) 100vw, 1024px\" \/><\/a><\/figure>\n\n\n\n<p><\/p>\n\n\n\n<ul>\n<li><a href=\"https:\/\/www.paullaesser.at\" data-type=\"link\" data-id=\"https:\/\/www.paullaesser.at\">https:\/\/www.paullaesser.at<\/a><\/li>\n<\/ul>\n","protected":false},"excerpt":{"rendered":"<p>Seine Werke sind ein Pl\u00e4doyer f\u00fcr mehr Demut und ein Bewusstsein f\u00fcr die Zerbrechlichkeit unseres Planeten und unserer Lebenswelt. Seine Werke symbolisieren Leben, aber auch Zerst\u00f6rung . Die sehr facettenreichen Werkserien des K\u00fcnstlers zeigen seine Leidenschaft zum Experiment mit Perspektive, Raum und Symbol. In seiner Auseinandersetzung mit der menschlichen Hybris kn\u00fcpft er an bekannte Protestgesten [&hellip;]<\/p>\n","protected":false},"author":1,"featured_media":0,"parent":825,"menu_order":1,"comment_status":"open","ping_status":"closed","template":"","meta":{"two_page_speed":[],"footnotes":""},"_links":{"self":[{"href":"https:\/\/www.seitinger.cc\/index.php?rest_route=\/wp\/v2\/pages\/2476"}],"collection":[{"href":"https:\/\/www.seitinger.cc\/index.php?rest_route=\/wp\/v2\/pages"}],"about":[{"href":"https:\/\/www.seitinger.cc\/index.php?rest_route=\/wp\/v2\/types\/page"}],"author":[{"embeddable":true,"href":"https:\/\/www.seitinger.cc\/index.php?rest_route=\/wp\/v2\/users\/1"}],"replies":[{"embeddable":true,"href":"https:\/\/www.seitinger.cc\/index.php?rest_route=%2Fwp%2Fv2%2Fcomments&post=2476"}],"version-history":[{"count":20,"href":"https:\/\/www.seitinger.cc\/index.php?rest_route=\/wp\/v2\/pages\/2476\/revisions"}],"predecessor-version":[{"id":2522,"href":"https:\/\/www.seitinger.cc\/index.php?rest_route=\/wp\/v2\/pages\/2476\/revisions\/2522"}],"up":[{"embeddable":true,"href":"https:\/\/www.seitinger.cc\/index.php?rest_route=\/wp\/v2\/pages\/825"}],"wp:attachment":[{"href":"https:\/\/www.seitinger.cc\/index.php?rest_route=%2Fwp%2Fv2%2Fmedia&parent=2476"}],"curies":[{"name":"wp","href":"https:\/\/api.w.org\/{rel}","templated":true}]}}