{"id":2,"date":"2010-06-18T20:51:35","date_gmt":"2010-06-18T20:51:35","guid":{"rendered":"http:\/\/www.seitinger.cc\/?page_id=2"},"modified":"2025-05-18T21:03:37","modified_gmt":"2025-05-18T21:03:37","slug":"about","status":"publish","type":"page","link":"https:\/\/www.seitinger.cc\/?page_id=2","title":{"rendered":"Impressum"},"content":{"rendered":"<p><a href=\"https:\/\/www.seitinger.cc\/wp-content\/uploads\/2010\/06\/platsch-august-14-3.jpg\"><img loading=\"lazy\" decoding=\"async\" class=\"aligncenter wp-image-426 size-full\" src=\"https:\/\/www.seitinger.cc\/wp-content\/uploads\/2010\/06\/platsch-august-14-3.jpg\" alt=\"platsch august 14 3\" width=\"2048\" height=\"1536\" srcset=\"https:\/\/www.seitinger.cc\/wp-content\/uploads\/2010\/06\/platsch-august-14-3.jpg 2048w, https:\/\/www.seitinger.cc\/wp-content\/uploads\/2010\/06\/platsch-august-14-3-300x225.jpg 300w, https:\/\/www.seitinger.cc\/wp-content\/uploads\/2010\/06\/platsch-august-14-3-1024x768.jpg 1024w\" sizes=\"(max-width: 2048px) 100vw, 2048px\" \/><\/a><\/p>\n<p><strong>Unternehmensbezeichnung:<br \/>\n<\/strong><\/p>\n<p>Gartengestaltung , Eventmanagement und Kochservice<\/p>\n<p>Steuernummer : 058\/1723 BH-Graz-Umgebung<\/p>\n<p>B\u00fcro-Adresse :\u00a0 Mitterstra\u00dfe 248 B<\/p>\n<p>Ort\/ Plz : 8073 Feldkirchen<\/p>\n<p>Mobiltelefon :\u00a0 0699 11704399<\/p>\n<p>Telefon Fix &amp; Fax : 0316 296431<\/p>\n<p>e-mailadresse : office@seitinger.cc<\/p>\n<p>Homepage :\u00a0 www.seitinger.cc<\/p>\n<p><strong>Kammerzugeh\u00f6rigkeit :<\/strong> Landesinnung der G\u00e4rtner und Floristen<\/p>\n<p>Landesinnung des Fachverbands f\u00fcr Gastronomie und Tourismus<\/p>\n<p><strong>Unternehmensgegenstand :<\/strong>\u00a0 Garten- und Landschaftsgestaltung<\/p>\n<p>G\u00e4rtner gewerbe ( Fixes Gewerbe )<\/p>\n<p>Eventmanagement ( freigewerblich )<\/p>\n<p>Kochservice ( freigewerblich )<\/p>\n<p><strong>Gesch\u00e4ftsf\u00fchrung :\u00a0<\/strong> Manfred Seitinger<\/p>\n<p><strong>\u00a0<\/strong><\/p>\n","protected":false},"excerpt":{"rendered":"<p>Unternehmensbezeichnung: Gartengestaltung , Eventmanagement und Kochservice Steuernummer : 058\/1723 BH-Graz-Umgebung B\u00fcro-Adresse :\u00a0 Mitterstra\u00dfe 248 B Ort\/ Plz : 8073 Feldkirchen Mobiltelefon :\u00a0 0699 11704399 Telefon Fix &amp; Fax : 0316 296431 e-mailadresse : office@seitinger.cc Homepage :\u00a0 www.seitinger.cc Kammerzugeh\u00f6rigkeit : Landesinnung der G\u00e4rtner und Floristen Landesinnung des Fachverbands f\u00fcr Gastronomie und Tourismus Unternehmensgegenstand :\u00a0 Garten- und [&hellip;]<\/p>\n","protected":false},"author":1,"featured_media":0,"parent":0,"menu_order":7,"comment_status":"open","ping_status":"closed","template":"","meta":{"two_page_speed":[],"footnotes":""},"_links":{"self":[{"href":"https:\/\/www.seitinger.cc\/index.php?rest_route=\/wp\/v2\/pages\/2"}],"collection":[{"href":"https:\/\/www.seitinger.cc\/index.php?rest_route=\/wp\/v2\/pages"}],"about":[{"href":"https:\/\/www.seitinger.cc\/index.php?rest_route=\/wp\/v2\/types\/page"}],"author":[{"embeddable":true,"href":"https:\/\/www.seitinger.cc\/index.php?rest_route=\/wp\/v2\/users\/1"}],"replies":[{"embeddable":true,"href":"https:\/\/www.seitinger.cc\/index.php?rest_route=%2Fwp%2Fv2%2Fcomments&post=2"}],"version-history":[{"count":26,"href":"https:\/\/www.seitinger.cc\/index.php?rest_route=\/wp\/v2\/pages\/2\/revisions"}],"predecessor-version":[{"id":1961,"href":"https:\/\/www.seitinger.cc\/index.php?rest_route=\/wp\/v2\/pages\/2\/revisions\/1961"}],"wp:attachment":[{"href":"https:\/\/www.seitinger.cc\/index.php?rest_route=%2Fwp%2Fv2%2Fmedia&parent=2"}],"curies":[{"name":"wp","href":"https:\/\/api.w.org\/{rel}","templated":true}]}}