{"id":1447,"date":"2021-05-30T17:45:36","date_gmt":"2021-05-30T17:45:36","guid":{"rendered":"http:\/\/www.seitinger.cc\/?page_id=1447"},"modified":"2026-05-15T08:02:23","modified_gmt":"2026-05-15T08:02:23","slug":"garten-konzerte","status":"publish","type":"page","link":"https:\/\/www.seitinger.cc\/?page_id=1447","title":{"rendered":"Skulpturen Ausstellung"},"content":{"rendered":"\n<p><\/p>\n\n\n\n<h2 class=\"wp-block-heading has--font-size\"><strong>Paul L\u00e4sser<\/strong><\/h2>\n\n\n\n<p><\/p>\n\n\n\n<h2 class=\"kt-adv-heading1447_a57e1e-a4 wp-block-kadence-advancedheading\" data-kb-block=\"kb-adv-heading1447_a57e1e-a4\">20. und 21. Juni 2026<\/h2>\n\n\n\n<p><\/p>\n\n\n\n<h2 class=\"kt-adv-heading1447_bf29f4-7a wp-block-kadence-advancedheading\" data-kb-block=\"kb-adv-heading1447_bf29f4-7a\"><strong>Flamingos <\/strong><\/h2>\n\n\n\n<p><\/p>\n\n\n\n<p><\/p>\n\n\n\n<p><\/p>\n\n\n\n<p>Flamingos sind anmutige Tiere, ihr Habitat sind Lagunen, Sehnsuchtsorte die an Urlaub erinnern.<\/p>\n\n\n\n<p><\/p>\n\n\n\n<figure class=\"wp-block-gallery has-nested-images columns-default wp-block-gallery-1 is-layout-flex wp-block-gallery-is-layout-flex\">\n<figure class=\"wp-block-image size-full\"><a href=\"https:\/\/www.seitinger.cc\/wp-content\/uploads\/2026\/05\/Paul-Laesser-2-Kopie-2.jpg\"><img loading=\"lazy\" decoding=\"async\" width=\"800\" height=\"1200\" data-id=\"2537\" src=\"https:\/\/www.seitinger.cc\/wp-content\/uploads\/2026\/05\/Paul-Laesser-2-Kopie-2.jpg\" alt=\"\" class=\"wp-image-2537\" srcset=\"https:\/\/www.seitinger.cc\/wp-content\/uploads\/2026\/05\/Paul-Laesser-2-Kopie-2.jpg 800w, https:\/\/www.seitinger.cc\/wp-content\/uploads\/2026\/05\/Paul-Laesser-2-Kopie-2-200x300.jpg 200w, https:\/\/www.seitinger.cc\/wp-content\/uploads\/2026\/05\/Paul-Laesser-2-Kopie-2-683x1024.jpg 683w, https:\/\/www.seitinger.cc\/wp-content\/uploads\/2026\/05\/Paul-Laesser-2-Kopie-2-768x1152.jpg 768w, https:\/\/www.seitinger.cc\/wp-content\/uploads\/2026\/05\/Paul-Laesser-2-Kopie-2-400x600.jpg 400w\" sizes=\"(max-width: 800px) 100vw, 800px\" \/><\/a><\/figure>\n<\/figure>\n\n\n\n<p class=\"has-medium-font-size\">Als Motiv sind sie auf Cocktailgl\u00e4sern und Badekleidung zu finden, und sind mitunter zu einem Symboltier f\u00fcr Hedonismus und Leichtigkeit geworden.<\/p>\n\n\n\n<p><\/p>\n\n\n\n<figure class=\"wp-block-image size-full\"><a href=\"https:\/\/www.seitinger.cc\/wp-content\/uploads\/2026\/05\/Paul-Laesser-1-Kopie-1.jpg\"><img loading=\"lazy\" decoding=\"async\" width=\"800\" height=\"1200\" src=\"https:\/\/www.seitinger.cc\/wp-content\/uploads\/2026\/05\/Paul-Laesser-1-Kopie-1.jpg\" alt=\"\" class=\"wp-image-2536\" srcset=\"https:\/\/www.seitinger.cc\/wp-content\/uploads\/2026\/05\/Paul-Laesser-1-Kopie-1.jpg 800w, https:\/\/www.seitinger.cc\/wp-content\/uploads\/2026\/05\/Paul-Laesser-1-Kopie-1-200x300.jpg 200w, https:\/\/www.seitinger.cc\/wp-content\/uploads\/2026\/05\/Paul-Laesser-1-Kopie-1-683x1024.jpg 683w, https:\/\/www.seitinger.cc\/wp-content\/uploads\/2026\/05\/Paul-Laesser-1-Kopie-1-768x1152.jpg 768w, https:\/\/www.seitinger.cc\/wp-content\/uploads\/2026\/05\/Paul-Laesser-1-Kopie-1-400x600.jpg 400w\" sizes=\"(max-width: 800px) 100vw, 800px\" \/><\/a><\/figure>\n\n\n\n<p>Im popkulturellen Kontext tangieren sie meist nicht den Kitsch, sondern zielen gerade darauf ab.<\/p>\n\n\n\n<p>Und so macht es auch der K\u00fcnstler Paul L\u00e4sser, er w\u00e4hlt dieses Motiv um die in Ma\u00dfen gefertigten Flamingo-darstellungen um seine Kleinserie zu erweitern.<\/p>\n\n\n\n<figure class=\"wp-block-image size-large\"><a href=\"https:\/\/www.seitinger.cc\/wp-content\/uploads\/2026\/05\/Paul-Laesser-5-Kopie-1.jpg\"><img loading=\"lazy\" decoding=\"async\" width=\"683\" height=\"1024\" src=\"https:\/\/www.seitinger.cc\/wp-content\/uploads\/2026\/05\/Paul-Laesser-5-Kopie-1-683x1024.jpg\" alt=\"\" class=\"wp-image-2538\" srcset=\"https:\/\/www.seitinger.cc\/wp-content\/uploads\/2026\/05\/Paul-Laesser-5-Kopie-1-683x1024.jpg 683w, https:\/\/www.seitinger.cc\/wp-content\/uploads\/2026\/05\/Paul-Laesser-5-Kopie-1-200x300.jpg 200w, https:\/\/www.seitinger.cc\/wp-content\/uploads\/2026\/05\/Paul-Laesser-5-Kopie-1-768x1152.jpg 768w, https:\/\/www.seitinger.cc\/wp-content\/uploads\/2026\/05\/Paul-Laesser-5-Kopie-1-400x600.jpg 400w, https:\/\/www.seitinger.cc\/wp-content\/uploads\/2026\/05\/Paul-Laesser-5-Kopie-1.jpg 800w\" sizes=\"(max-width: 683px) 100vw, 683px\" \/><\/a><\/figure>\n\n\n\n<p>Die Ausf\u00fchrung hat etwas grafisches, als w\u00e4ren die V\u00f6gel mit einem Marker in die Landschaft gezeichnet.<\/p>\n\n\n\n<p><\/p>\n\n\n\n<p>Die Skulpturen haben verschiedene Posen und Farben, in suchender und schreitender Haltung.<\/p>\n\n\n\n<p><\/p>\n\n\n\n<figure class=\"wp-block-image size-large\"><a href=\"https:\/\/www.seitinger.cc\/wp-content\/uploads\/2026\/05\/Paul-Laesser-6-Kopie.jpg\"><img loading=\"lazy\" decoding=\"async\" width=\"683\" height=\"1024\" src=\"https:\/\/www.seitinger.cc\/wp-content\/uploads\/2026\/05\/Paul-Laesser-6-Kopie-683x1024.jpg\" alt=\"\" class=\"wp-image-2539\" srcset=\"https:\/\/www.seitinger.cc\/wp-content\/uploads\/2026\/05\/Paul-Laesser-6-Kopie-683x1024.jpg 683w, https:\/\/www.seitinger.cc\/wp-content\/uploads\/2026\/05\/Paul-Laesser-6-Kopie-200x300.jpg 200w, https:\/\/www.seitinger.cc\/wp-content\/uploads\/2026\/05\/Paul-Laesser-6-Kopie-768x1152.jpg 768w, https:\/\/www.seitinger.cc\/wp-content\/uploads\/2026\/05\/Paul-Laesser-6-Kopie-400x600.jpg 400w, https:\/\/www.seitinger.cc\/wp-content\/uploads\/2026\/05\/Paul-Laesser-6-Kopie.jpg 800w\" sizes=\"(max-width: 683px) 100vw, 683px\" \/><\/a><\/figure>\n\n\n\n<p><\/p>\n\n\n\n<p><\/p>\n\n\n\n<p class=\"has-medium-font-size\"><\/p>\n\n\n\n<p><strong>Adresse:<\/strong> &#8220; An der s\u00fcdsteirischen Weinstrasse &#8222;<\/p>\n\n\n\n<p><strong>Oberer Gra\u00dfnitzbergweg 13 \/ 8472 Gra\u00dfnitzberg-Spielfeld<\/strong><\/p>\n\n\n\n<p>oo43 699 11704399 Manfred Seitinger<\/p>\n\n\n\n<p><\/p>\n\n\n\n<p>Ich freue mich sehr, Ihnen diesen grandiosen K\u00fcnstler vorstellen zu d\u00fcrfen.<\/p>\n\n\n\n<p><\/p>\n\n\n\n<p>Die Skulpturen k\u00f6nnen nat\u00fcrlich erworben werden ( direkt vom K\u00fcnstler ! )<\/p>\n\n\n\n<p><\/p>\n\n\n\n<p><\/p>\n\n\n\n<p><\/p>\n\n\n\n<p><\/p>\n\n\n\n<p><\/p>\n\n\n\n<p><strong>\u00d6ffnungszeiten :<\/strong> jeweils am Samstag und am Sonntag von 10 Uhr bis 18 Uhr<\/p>\n\n\n\n<p><\/p>\n\n\n\n<p><\/p>\n\n\n\n<p><\/p>\n\n\n\n<p><\/p>\n\n\n\n<h2 class=\"wp-block-heading\"><strong>\u00dcber den Veranstaltungsort :<\/strong><\/h2>\n\n\n\n<p><\/p>\n\n\n\n<p><\/p>\n\n\n\n<p><\/p>\n\n\n\n<p><\/p>\n\n\n\n<p><\/p>\n\n\n\n<figure class=\"wp-block-image size-full\"><a href=\"https:\/\/www.seitinger.cc\/wp-content\/uploads\/2026\/05\/A-Platsch-3.jpg\"><img loading=\"lazy\" decoding=\"async\" width=\"800\" height=\"1067\" src=\"https:\/\/www.seitinger.cc\/wp-content\/uploads\/2026\/05\/A-Platsch-3.jpg\" alt=\"\" class=\"wp-image-2561\" srcset=\"https:\/\/www.seitinger.cc\/wp-content\/uploads\/2026\/05\/A-Platsch-3.jpg 800w, https:\/\/www.seitinger.cc\/wp-content\/uploads\/2026\/05\/A-Platsch-3-225x300.jpg 225w, https:\/\/www.seitinger.cc\/wp-content\/uploads\/2026\/05\/A-Platsch-3-768x1024.jpg 768w, https:\/\/www.seitinger.cc\/wp-content\/uploads\/2026\/05\/A-Platsch-3-450x600.jpg 450w\" sizes=\"(max-width: 800px) 100vw, 800px\" \/><\/a><\/figure>\n\n\n\n<p>Das pittoresk anmutende &#8220; Winzerhaus &#8220; mit seinem gro\u00dfz\u00fcgig angelegten romantischen Garten befindet sich auf dem Platschberg ( Pla\u010dki Vrh ) an der slowenisch-steirischen Grenze und ist Zeitzeuge einer l\u00e4ngst vergangenen Zeit, als noch mit Harke, Sense und Haue, dem kargen Boden das Allernotwendigste abgerungen wurde.<\/p>\n\n\n\n<p><\/p>\n\n\n\n<p><\/p>\n\n\n\n<p><\/p>\n\n\n\n<figure class=\"wp-block-image size-full\"><a href=\"https:\/\/www.seitinger.cc\/wp-content\/uploads\/2026\/05\/Am-Platsch-8.jpg\"><img loading=\"lazy\" decoding=\"async\" width=\"800\" height=\"600\" src=\"https:\/\/www.seitinger.cc\/wp-content\/uploads\/2026\/05\/Am-Platsch-8.jpg\" alt=\"\" class=\"wp-image-2560\" srcset=\"https:\/\/www.seitinger.cc\/wp-content\/uploads\/2026\/05\/Am-Platsch-8.jpg 800w, https:\/\/www.seitinger.cc\/wp-content\/uploads\/2026\/05\/Am-Platsch-8-300x225.jpg 300w, https:\/\/www.seitinger.cc\/wp-content\/uploads\/2026\/05\/Am-Platsch-8-768x576.jpg 768w, https:\/\/www.seitinger.cc\/wp-content\/uploads\/2026\/05\/Am-Platsch-8-600x450.jpg 600w\" sizes=\"(max-width: 800px) 100vw, 800px\" \/><\/a><\/figure>\n\n\n\n<p><\/p>\n\n\n\n<p>Bronze- und eisenzeitliche, sowie r\u00f6mische Funde in unmittelbarer N\u00e4he, belegen die historische Bedeutung dieses Berges und erinnern uns an Freud und Leid aus einer anderen Zeit.<\/p>\n\n\n\n<p><\/p>\n\n\n\n<figure class=\"wp-block-image size-full\"><a href=\"https:\/\/www.seitinger.cc\/wp-content\/uploads\/2026\/05\/A-Flyer-Platsch.jpg\"><img loading=\"lazy\" decoding=\"async\" width=\"800\" height=\"600\" src=\"https:\/\/www.seitinger.cc\/wp-content\/uploads\/2026\/05\/A-Flyer-Platsch.jpg\" alt=\"\" class=\"wp-image-2567\" srcset=\"https:\/\/www.seitinger.cc\/wp-content\/uploads\/2026\/05\/A-Flyer-Platsch.jpg 800w, https:\/\/www.seitinger.cc\/wp-content\/uploads\/2026\/05\/A-Flyer-Platsch-300x225.jpg 300w, https:\/\/www.seitinger.cc\/wp-content\/uploads\/2026\/05\/A-Flyer-Platsch-768x576.jpg 768w, https:\/\/www.seitinger.cc\/wp-content\/uploads\/2026\/05\/A-Flyer-Platsch-600x450.jpg 600w\" sizes=\"(max-width: 800px) 100vw, 800px\" \/><\/a><\/figure>\n\n\n\n<p><\/p>\n\n\n\n<p>Alle Veranstaltungen an diesem Ort finden in privatem Rahmen statt. Es wird  K\u00fcnstlern die M\u00f6glichkeit geboten sich zu pr\u00e4sentieren.<\/p>\n\n\n\n<p><\/p>\n\n\n\n<p><\/p>\n\n\n\n<figure class=\"wp-block-image size-full\"><a href=\"https:\/\/www.seitinger.cc\/wp-content\/uploads\/2021\/05\/10504865-platsch.jpg\"><img loading=\"lazy\" decoding=\"async\" width=\"800\" height=\"533\" src=\"https:\/\/www.seitinger.cc\/wp-content\/uploads\/2021\/05\/10504865-platsch.jpg\" alt=\"\" class=\"wp-image-1454\" srcset=\"https:\/\/www.seitinger.cc\/wp-content\/uploads\/2021\/05\/10504865-platsch.jpg 800w, https:\/\/www.seitinger.cc\/wp-content\/uploads\/2021\/05\/10504865-platsch-300x200.jpg 300w, https:\/\/www.seitinger.cc\/wp-content\/uploads\/2021\/05\/10504865-platsch-768x512.jpg 768w\" sizes=\"(max-width: 800px) 100vw, 800px\" \/><\/a><\/figure>\n\n\n\n<p><\/p>\n\n\n\n<p>Nicht der Klang der M\u00fcnzen spielt die vordergr\u00fcndige Rolle sondern der Klang der Instrumente und fr\u00f6hlichen Stimmen, das Lachen der Menschen, das Zirpen der Grillen, sowie das Knistern der brennenden Holzscheite in einer s\u00fcdsteirischen Nacht !<\/p>\n\n\n\n<p><\/p>\n\n\n\n<p><\/p>\n\n\n\n<figure class=\"wp-block-image size-full\"><a href=\"https:\/\/www.seitinger.cc\/wp-content\/uploads\/2011\/11\/2-Der-Platsch-.jpg\"><img loading=\"lazy\" decoding=\"async\" width=\"800\" height=\"533\" src=\"https:\/\/www.seitinger.cc\/wp-content\/uploads\/2011\/11\/2-Der-Platsch-.jpg\" alt=\"\" class=\"wp-image-577\" srcset=\"https:\/\/www.seitinger.cc\/wp-content\/uploads\/2011\/11\/2-Der-Platsch-.jpg 800w, https:\/\/www.seitinger.cc\/wp-content\/uploads\/2011\/11\/2-Der-Platsch--300x199.jpg 300w\" sizes=\"(max-width: 800px) 100vw, 800px\" \/><\/a><\/figure>\n\n\n\n<div class=\"wp-block-group is-layout-constrained wp-block-group-is-layout-constrained\"><\/div>\n\n\n\n<p><\/p>\n\n\n\n<p><\/p>\n\n\n\n<p><\/p>\n\n\n\n<p><\/p>\n\n\n\n<p class=\"has-medium-font-size\"><strong>Welcome !<\/strong><\/p>\n\n\n\n<p><\/p>\n\n\n\n<div class=\"wp-block-kadence-form kadence-form-1447_e534d8-e3 kb-form-wrap\"><form class=\"kb-form\" action=\"\" method=\"post\"><div class=\"kadence-blocks-form-field kb-field-desk-width-100 kb-input-size-standard\"><label for=\"kb_field_1447_e534d8-e3_0\">Name<\/label><input name=\"kb_field_0\" id=\"kb_field_1447_e534d8-e3_0\" data-label=\"Name\" type=\"text\" placeholder=\"\" value=\"\" data-type=\"text\" class=\"kb-field kb-text-style-field kb-text-field kb-field-0\"\/><\/div><div class=\"kadence-blocks-form-field kb-form-field-1 kb-field-desk-width-100 kb-input-size-standard\"><label for=\"kb_field_1447_e534d8-e3_1\">Email<span class=\"required\">*<\/span><\/label><input name=\"kb_field_1\" id=\"kb_field_1447_e534d8-e3_1\" data-label=\"Email\" type=\"email\" placeholder=\"\" value=\"\" data-type=\"email\" class=\"kb-field kb-text-style-field kb-email-field kb-field-1\" data-required=\"yes\"\/><\/div><div class=\"kadence-blocks-form-field kb-form-field-2 kb-field-desk-width-100 kb-input-size-standard\"><label for=\"kb_field_1447_e534d8-e3_2\">Message<span class=\"required\">*<\/span><\/label><textarea name=\"kb_field_2\" id=\"kb_field_1447_e534d8-e3_2\" data-label=\"Message\" type=\"textarea\" placeholder=\"\" data-type=\"textarea\" class=\"kb-field kb-text-style-field kb-textarea-field kb-field-2\" rows=\"4\" data-required=\"yes\"><\/textarea><\/div><input type=\"hidden\" name=\"_kb_form_id\" value=\"1447_e534d8-e3\"\/><input type=\"hidden\" name=\"_kb_form_post_id\" value=\"1447\"\/><input type=\"hidden\" name=\"action\" value=\"kb_process_ajax_submit\"\/><label class=\"kadence-verify-label\">Email<input class=\"kadence-blocks-field verify\" type=\"text\" name=\"_kb_verify_email\" autocomplete=\"new-password\" aria-hidden=\"true\" placeholder=\"Email\" tabindex=\"-1\" data-1p-ignore=\"true\" data-lpignore=\"true\" \/><\/label><div class=\"kadence-blocks-form-field kb-submit-field kb-field-desk-width-100\"><button class=\"kb-forms-submit button kb-button-size-standard kb-button-width-auto\">Submit<\/button><\/div><\/form><\/div>\n<noscript><div class=\"kadence-blocks-form-message kadence-blocks-form-warning\">Please enable JavaScript in your browser to submit the form<\/div><style>.kadence-form-1447_e534d8-e3 .kadence-blocks-form-field.kb-submit-field { display: none; }<\/style><\/noscript>\n\n\n<p>Die Reihung der Kartenvergabe erfolgt  nach dem Anmeldezeitpunkt .<\/p>\n\n\n\n<p><\/p>\n\n\n\n<p><\/p>\n","protected":false},"excerpt":{"rendered":"<p>Paul L\u00e4sser 20. und 21. Juni 2026 Flamingos Flamingos sind anmutige Tiere, ihr Habitat sind Lagunen, Sehnsuchtsorte die an Urlaub erinnern. Als Motiv sind sie auf Cocktailgl\u00e4sern und Badekleidung zu finden, und sind mitunter zu einem Symboltier f\u00fcr Hedonismus und Leichtigkeit geworden. Im popkulturellen Kontext tangieren sie meist nicht den Kitsch, sondern zielen gerade darauf [&hellip;]<\/p>\n","protected":false},"author":1,"featured_media":0,"parent":1485,"menu_order":1,"comment_status":"closed","ping_status":"closed","template":"","meta":{"two_page_speed":[],"footnotes":""},"_links":{"self":[{"href":"https:\/\/www.seitinger.cc\/index.php?rest_route=\/wp\/v2\/pages\/1447"}],"collection":[{"href":"https:\/\/www.seitinger.cc\/index.php?rest_route=\/wp\/v2\/pages"}],"about":[{"href":"https:\/\/www.seitinger.cc\/index.php?rest_route=\/wp\/v2\/types\/page"}],"author":[{"embeddable":true,"href":"https:\/\/www.seitinger.cc\/index.php?rest_route=\/wp\/v2\/users\/1"}],"replies":[{"embeddable":true,"href":"https:\/\/www.seitinger.cc\/index.php?rest_route=%2Fwp%2Fv2%2Fcomments&post=1447"}],"version-history":[{"count":83,"href":"https:\/\/www.seitinger.cc\/index.php?rest_route=\/wp\/v2\/pages\/1447\/revisions"}],"predecessor-version":[{"id":2575,"href":"https:\/\/www.seitinger.cc\/index.php?rest_route=\/wp\/v2\/pages\/1447\/revisions\/2575"}],"up":[{"embeddable":true,"href":"https:\/\/www.seitinger.cc\/index.php?rest_route=\/wp\/v2\/pages\/1485"}],"wp:attachment":[{"href":"https:\/\/www.seitinger.cc\/index.php?rest_route=%2Fwp%2Fv2%2Fmedia&parent=1447"}],"curies":[{"name":"wp","href":"https:\/\/api.w.org\/{rel}","templated":true}]}}